{"id":8983,"date":"2026-07-31T00:54:00","date_gmt":"2026-07-30T22:54:00","guid":{"rendered":"https:\/\/medjugorje.store\/product\/via-crucis-slavko-barbaric-it-es\/"},"modified":"2026-07-31T00:54:00","modified_gmt":"2026-07-30T22:54:00","slug":"via-crucis-slavko-barbaric-it-es","status":"publish","type":"product","link":"https:\/\/medjugorje.store\/es\/product\/via-crucis-slavko-barbaric-it-es\/","title":{"rendered":"V\u00eda Crucis &#8211; Con Jes\u00fas y Mar\u00eda a lo largo del G\u00f3lgota hacia la Resurrecci\u00f3n \/ Fr. Slavko Barbari\u0107"},"content":{"rendered":"<p><strong>El Autor<\/strong><\/p>\n<p>Fr. Slavko Barbari\u0107, OFM, naci\u00f3 en Dragi\u0107ina cerca de Medjugorje en 1946. Fue ordenado sacerdote en 1971. Complet\u00f3 sus estudios filos\u00f3ficos y teol\u00f3gicos en Sarajevo y Schwaz y obtuvo su maestr\u00eda en Graz (Austria) en 1973. En 1982 obtuvo su doctorado en Teolog\u00eda Pastoral en Freiburg (Alemania).<\/p>\n<p>En enero de 1982 comenz\u00f3 a trabajar con los peregrinos en Medjugorje.<\/p>\n","protected":false},"excerpt":{"rendered":"<p>El Autor Fr. Slavko Barbari\u0107, OFM, naci\u00f3 en Dragi\u0107ina cerca de Medjugorje en 1946. Fue ordenado sacerdote en 1971. Complet\u00f3 sus estudios filos\u00f3ficos y teol\u00f3gicos en Sarajevo y Schwaz y obtuvo su maestr\u00eda en Graz (Austria) en 1973. En 1982 obtuvo su doctorado en Teolog\u00eda Pastoral en Freiburg (Alemania). En enero de 1982 comenz\u00f3 a [&hellip;]<\/p>\n","protected":false},"featured_media":2610,"comment_status":"","ping_status":"closed","template":"","meta":{"inline_featured_image":false},"product_brand":[],"product_cat":[947],"product_tag":[],"class_list":["post-8983","product","type-product","status-publish","has-post-thumbnail","product_cat-ofertas-cuaresma","first","instock","taxable","shipping-taxable","purchasable","product-type-simple"],"_links":{"self":[{"href":"https:\/\/medjugorje.store\/es\/wp-json\/wp\/v2\/product\/8983","targetHints":{"allow":["GET"]}}],"collection":[{"href":"https:\/\/medjugorje.store\/es\/wp-json\/wp\/v2\/product"}],"about":[{"href":"https:\/\/medjugorje.store\/es\/wp-json\/wp\/v2\/types\/product"}],"replies":[{"embeddable":true,"href":"https:\/\/medjugorje.store\/es\/wp-json\/wp\/v2\/comments?post=8983"}],"wp:featuredmedia":[{"embeddable":true,"href":"https:\/\/medjugorje.store\/es\/wp-json\/wp\/v2\/media\/2610"}],"wp:attachment":[{"href":"https:\/\/medjugorje.store\/es\/wp-json\/wp\/v2\/media?parent=8983"}],"wp:term":[{"taxonomy":"product_brand","embeddable":true,"href":"https:\/\/medjugorje.store\/es\/wp-json\/wp\/v2\/product_brand?post=8983"},{"taxonomy":"product_cat","embeddable":true,"href":"https:\/\/medjugorje.store\/es\/wp-json\/wp\/v2\/product_cat?post=8983"},{"taxonomy":"product_tag","embeddable":true,"href":"https:\/\/medjugorje.store\/es\/wp-json\/wp\/v2\/product_tag?post=8983"}],"curies":[{"name":"wp","href":"https:\/\/api.w.org\/{rel}","templated":true}]}}

Vía Crucis &#8211; Con Jesús y María a lo largo del Gólgota hacia la Resurrección / Fr. Slavko Barbarić

<p><strong>El Autor</strong></p>
<p>Fr. Slavko Barbarić, OFM, nació en Dragićina cerca de Medjugorje en 1946. Fue ordenado sacerdote en 1971. Completó sus estudios filosóficos y teológicos en Sarajevo y Schwaz y obtuvo su maestría en Graz (Austria) en 1973. En 1982 obtuvo su doctorado en Teología Pastoral en Freiburg (Alemania).</p>
<p>En enero de 1982 comenzó a trabajar con los peregrinos en Medjugorje.</p>

<p>El Autor Fr. Slavko Barbarić, OFM, nació en Dragićina cerca de Medjugorje en 1946. Fue ordenado sacerdote en 1971. Completó sus estudios filosóficos y teológicos en Sarajevo y Schwaz y obtuvo su maestría en Graz (Austria) en 1973. En 1982 obtuvo su doctorado en Teología Pastoral en Freiburg (Alemania). En enero de 1982 comenzó a [&hellip;]</p>
